g - 319*g + 115*g - 13 - 7*g**2 + 97*g. Determine u(-3).
-61
Let t(c) = 59*c**2 - 33 - 42 + 67*c**2 + 12*c + 50 - 127*c**2. Determine t(12).
-25
Let g(b) = b - 16. Let w(a) = 5*a + 117. Let x(l) = 3*g(l) + w(l). Determine x(-11).
-19
Let k(u) = 5*u**3 - u**2 + 16*u - 10. Let b(s) = 4*s**3 + 5*s**2 + 16*s - 12. Let a(y) = 4*b(y) - 3*k(y). What is a(-22)?
114
Suppose h - 9 = 2*g, h - 19 = -0*g + 4*g. Let m(j) = 80*j**2 - 7*j - 3. Let r(q) = 56*q**2 - 5*q - 2. Let l(i) = 5*m(i) - 7*r(i). Calculate l(h).
7
Let z(s) = -3*s + 21 + 4*s - 33 - 14. Let n(m) = m - 22. Let q(w) = -5*n(w) + 4*z(w). What is q(6)?
0
Suppose -75 = v - 2*l, -3*v = -0*l + l + 211. Let f = v + 75. Let s(u) = -3*u + 7. Calculate s(f).
-5
Let d(c) = 2*c**2 - 5*c + 5. Let f = -11 - -4. Let l(z) = 6*z**2 - 15*z + 16. Let b(m) = f*d(m) + 2*l(m). Let k be ((-39)/(-78))/(22/(-12) + 2). Give b(k).
-6
Let i(c) = -22*c - 1. Suppose 0*p = -2*p + 14. Let t(a) = -43*a - 2. Let x(m) = p*i(m) - 4*t(m). Calculate x(2).
37
Let p(o) = 81*o**3 + 24*o**2 + 33*o + 47. Let q(c) = 23*c**3 + 8*c**2 + 11*c + 16. Let r(b) = -2*p(b) + 7*q(b). What is r(9)?
36
Let b(t) = -18*t**2 - 5*t - 40. Let i(v) = 7*v**2 + 2*v + 19. Let r(a) = -2*b(a) - 5*i(a). Let s be -1 - ((-4)/1 + -3). Suppose 0 = z - s*z. Determine r(z).
-15
Let b(i) = 7*i**2 - 82*i - 22. Let q be b(12). Let r(j) = 3*j**2 + 4*j - 4. Give r(q).
16
Suppose 3*a = 5*t + 5, -4*t + 3*a + 16140 = 16141. Let h(k) be the third derivative of -k**4/8 - 3*k**3/2 - k**2. Give h(t).
3
Let l(n) be the third derivative of n**4/24 + n**3/3 - n**2 - 9*n + 792. Let p(g) = -g + 2. Let z be p(-7). Determine l(z).
11
Suppose 6 = -2*j + u, 0 = -4*j - 2*u - 10 + 6. Let d(k) = 15*k + 27. Calculate d(j).
-3
Let y(k) be the first derivative of -k**2 - 5*k - 628. Let p(f) = f - 9. Let v be p(12). Suppose -q + 2*q - 4*d = 5, -3*q + v*d = 12. What is y(q)?
9
Let f(z) = -z**3 - 13*z**2 - 7*z + 68. Let h be f(-12). Suppose r - h = -v - 0, -r = 4*v - 11. Let a(l) = l**3 - 8*l**2 + 7*l + 2. What is a(r)?
2
Let r(s) = -5*s**2 + 31*s - 55. Let n(h) = h**2 - 8*h + 14. Suppose -72 = -30*i - 12. Let d(v) = i*r(v) + 9*n(v). Calculate d(-11).
5
Let k(j) = j**3 - 6*j**2 - 9*j + 7. Let c(q) = q**2 + 52*q + 136. Let z be c(-52). Let h be z/20 - (-16)/80. Calculate k(h).
-7
Let w(i) = 2*i**3 + 3*i - i**3 - 4*i. Let j(l) = 2*l**3 - 9*l**2 - 3*l - 8. Suppose 34*f + 51 - 17 = 0. Let t(m) = f*j(m) + 3*w(m). Determine t(-9).
8
Let f(p) = -9*p**2 - 2*p + 3. Suppose -4*i + 5*m + 24 = 0, 3*m - m + 5 = -3*i. Determine f(i).
-8
Let f(m) = 1. Let j(p) = -p**2 + 11*p + 5. Let a(s) = -2*f(s) + j(s). Suppose 0 = -79*h + 220 + 649. Determine a(h).
3
Let t(i) = i**2 - 2*i - 1. Let x = -45 + 55. Let w = -31 + x. Let v be 7/(w/12) - (-3 + 1). Calculate t(v).
7
Let y(g) = 101*g + 5. Let h(r) = 1010*r + 50. Let i(o) = -3*h(o) + 29*y(o). What is i(1)?
-106
Let t be 1 + -1*1 + 4. Let h(v) = 19*v - 16. Let o be h(1). Let q(l) = 4*l**2 + 7*l - 3. Let u(j) = 9*j**2 + 17*j - 7. Let i(p) = o*u(p) - 7*q(p). What is i(t)?
-8
Let y(x) = -42*x - 10. Let g(m) = -5*m - 1. Let p(j) = 7*g(j) - y(j). Determine p(2).
17
Let b be -2*(6/21)/((-4)/(-7)). Suppose 0 = p - 6*p + 5, -2*r + 2 = -4*p. Let a(t) = 3 + r - 6 + 2*t. Give a(b).
-2
Let h = -2 - -3. Let x = -2 - -4. Let c(i) = x*i - 27 + 26 + 4*i. What is c(h)?
5
Let d(x) = 18*x**2 + x - 5. Let l(j) = 2*j**3 - 20*j**2 - 11*j + 258. Let q be l(9). Calculate d(q).
154
Let w = 162 + -152. Suppose w*n = 32*n + 176. Let z(g) = -3*g**3 + 9*g**2 + 12*g. Let c(h) = -4*h**3 + 9*h**2 + 13*h + 1. Let p(q) = 4*c(q) - 5*z(q). Give p(n).
4
Suppose 0 = -m + 4, -3*w + m + 2 + 24 = 0. Let k be (45/w - 3) + (-3)/(-2). Let l(g) = 6*g - 4. What is l(k)?
14
Let f(p) = 5*p**2 + 4 + p**3 + 0 + 0 - 455*p + 458*p. Suppose -4*i - i + 5*t = -5, -4*i + 2 = -2*t. Suppose 0*j - 3*j - 12 = i. Give f(j).
8
Let o(x) be the first derivative of -29/2*x**2 + 0*x - 38. What is o(-1)?
29
Suppose 5*c - 1 = -t, 4*c = c. Suppose 5*k = 4*k - t. Let z(b) = -1 + b**3 - b + 5*b**3 + 2*b**3. Determine z(k).
-8
Let t = -52 + 87. Suppose -2*q + t = 47. Let f(l) = l**3 + 6*l**2 + 2*l - 1. Give f(q).
-13
Suppose -255 = -860*u + 857*u. Let i(d) = -d**3 - 49*d**2 + u*d**2 + 2 - 44*d**2 + 3. Determine i(-8).
5
Let x(u) = -7*u - 83. Let q(r) = -11*r - 130. Let f(z) = 5*q(z) - 8*x(z). Give f(-9).
5
Let k be 2 + 2/1 - 0. Let v(i) be the third derivative of -i**4/6 + 3*i**3/2 + i**2 - 4515*i. Determine v(k).
-7
Let h(u) be the first derivative of 1/4*u**4 + 10/3*u**3 - 5*u + 118 - 1/2*u**2. What is h(-10)?
5
Let g(u) = -14*u - 34. Suppose -193*r + 168 = -249*r. Calculate g(r).
8
Let l(t) = -197 + 540 + t - 175 - 176. Let r = 18 + -10. Suppose 6 + r = 2*o. What is l(o)?
-1
Let q(y) = -29*y**2 - 58*y + 3. Let f be q(-2). Let d(c) = 10*c**2 - 4*c + 3. Calculate d(f).
81
Let j(o) = o**2 + 4*o + 1. Let l(d) = -8*d + 3. Let b(c) = j(c) + l(c). Suppose -4*f - 9 = -7*f. Determine b(f).
1
Let q(r) = -2*r**2 + r. Let f = 409 + 215. Suppose 15*m + f = -276. Let s = m + 62. Calculate q(s).
-6
Let l(g) = -12*g + 14*g**2 + g + 14 - 8*g**3 - 6*g**2 + 7*g**3. Give l(7).
-14
Let d(u) = 5*u**3 + 9*u**2 + 9*u - 16. Let g(b) = 3*b**3 - 31*b + 8*b**3 + 20*b**2 - 31 + 51*b. Let i(c) = -9*d(c) + 4*g(c). Determine i(0).
20
Suppose -5*r + 33 = 4*g, r + 1505*g - 11 = 1502*g. Let c(l) be the third derivative of -l**6/120 + l**5/15 + l**4/3 - 5*l**3/6 - l**2. Give c(r).
10
Let n(y) = -y**3 - 6*y**2 + 8*y + 6. Let o(j) = -4*j + 49. Let w be o(14). Let b be n(w). Let q = b + 4. Let r(u) = u**3 - 3*u**2. Determine r(q).
0
Let b(c) = 7*c**2 + c - 11. Let f(s) = -3*s**2 - 15*s + 6. Let a be f(-5). Let m(w) = 20*w**2 + 3*w - 32. Let h(n) = a*m(n) - 17*b(n). Determine h(0).
-5
Let f(v) = 12*v**2 - 2. Let a(h) = -5*h**2 - h + 1. Let u(l) = -7*a(l) - 3*f(l). What is u(5)?
9
Let t(m) = -m**2 - 8*m - 13. Let z be t(-5). Let p(h) = 0*h + z*h + 28 + 4*h - 34. Give p(4).
18
Let x(n) = -2*n. Let d(o) = -o. Let c(i) = 9*d(i) - 4*x(i). Let y(f) = f**2 + 2*f + 2. Let q(g) = -2*c(g) + y(g). Give q(-2).
-2
Let m(z) = -6*z + 153. Suppose 0 = 444*u - 430*u - 364. What is m(u)?
-3
Let g(r) be the third derivative of r**6/120 - 5*r**4/24 - 7*r**3/6 + 2*r**2 + 107*r - 1. Give g(3).
5
Let t(j) = j**3 + 5*j**2 - 7*j. Suppose 5*b - 240 = -0*b + 2*m, -b + m = -51. Let k(q) = q**3 - 3*q**2 + 6*q. Let o be k(4). Let p = o - b. Determine t(p).
6
Let o(c) = 375 - 349 + 2*c + 2*c. Calculate o(-7).
-2
Suppose 5*s - 9*t + 55 = -14*t, -3*t + 51 = -4*s. Let h(b) = b**3 - b**2 + b. Let o(n) = n**3 - 13*n**2 + 15*n + 11. Let z(i) = -2*h(i) + o(i). Determine z(s).
-1
Let z be ((-253)/33 - -9)*(-84)/(-16). Let p(y) = 11*y - 6 + y**2 - y**2 - y**2. Determine p(z).
22
Let g(q) be the second derivative of 11/6*q**3 + 0 + 3*q - 7/12*q**4 - 1/20*q**5 + 11/2*q**2. Give g(-8).
-13
Let i(g) = 4*g**3 - 126*g**2 - 20*g - 51. Let b(f) = 9*f**3 - 296*f**2 - 41*f - 100. Let d(m) = 3*b(m) - 7*i(m). What is d(-7)?
-13
Let v be (1 + 9/(-12))/(12/(-240)). Let n(s) = 28*s + 1. Let o(q) = 22*q + 1. Let f(g) = v*o(g) + 4*n(g). Calculate f(5).
9
Let j(n) be the second derivative of -n**5/120 - 7*n**4/12 + 61*n**3/6 + 75*n. Let u(m) be the second derivative of j(m). What is u(-6)?
-8
Let b(d) = 5*d - 6. Let c(k) = 11*k - 12. Let f(s) = 13*b(s) - 6*c(s). Suppose 3*v - 101*v + 59*v = 234. Calculate f(v).
0
Suppose 11*c + 24 = 4*y + 7*c, 0 = 4*y - 5*c - 25. Let d(p) = p**3 - 3*p**2 - 5*p + 11. Calculate d(y).
36
Let f(i) = -5*i**2 - 9*i - 8. Let a(t) = 6*t**2 + 8*t + 7. Let x(d) = 7*a(d) + 6*f(d). Suppose -183*r - 60*r = 243. What is x(r)?
11
Let l = 136 + -64. Let a be (-12)/l - (-70)/(-12). Let d(w) = 14 - 20 + 11 + 2*w - w. Determine d(a).
-1
Suppose 0 = a - 0*a + 62. Let h be a + (3 + 2 - 8). Let l = 69 + h. Let j(q) = q - 4. Determine j(l).
0
Let j(y) be the first derivative of -2*y**3/3 + 3*y**2/2 - 3*y + 1268. Let g be 12*-1*2/4. Let r = -4 - g. Determine j(r).
-5
Let f(t) = t**3 - 497 - 5*t**2 + 499 + 6*t**2 + 3*t + 2*t**3. Let n(y) = -y**3 + 3*y**2 - 2*y - 1. Let h be n(2). Calculate f(h).
-3
Let f(q) be the third derivative of q**6/120 - q**5/12 + q**4/6 - 2*q**3/3 - 2505*q**2. Give f(4).
-4
Let p(j) be the second derivative of -j**4/12 - 11*j**3/6 - 5*j**2 - 2*j. Let r be 45/270 - 311/(-6). Suppose 0 = 35*h 